{"id":29,"date":"2026-04-09T17:12:50","date_gmt":"2026-04-09T17:12:50","guid":{"rendered":"https:\/\/uu666app.com\/?page_id=29"},"modified":"2026-04-09T17:13:47","modified_gmt":"2026-04-09T17:13:47","slug":"trang-chu","status":"publish","type":"page","link":"https:\/\/uu666app.com\/","title":{"rendered":"Trang ch\u1ee7"},"content":{"rendered":"<h1 style=\"text-align: center;\"><strong><span style=\"font-family: verdana, geneva, sans-serif;\">UU666 APP | UU666.COM &#8211; \u0110\u0103ng K\u00fd T\u1ea3i App Nh\u1eadn Ngay 188k Free<\/span><\/strong><\/h1>\n","protected":false},"excerpt":{"rendered":"<p>UU666 APP | UU666.COM &#8211; \u0110\u0103ng K\u00fd T\u1ea3i App Nh\u1eadn Ngay 188k Free<\/p>\n","protected":false},"author":1,"featured_media":6,"parent":0,"menu_order":0,"comment_status":"closed","ping_status":"closed","template":"","meta":{"footnotes":""},"class_list":["post-29","page","type-page","status-publish","has-post-thumbnail","hentry"],"_links":{"self":[{"href":"https:\/\/uu666app.com\/index.php?rest_route=\/wp\/v2\/pages\/29","targetHints":{"allow":["GET"]}}],"collection":[{"href":"https:\/\/uu666app.com\/index.php?rest_route=\/wp\/v2\/pages"}],"about":[{"href":"https:\/\/uu666app.com\/index.php?rest_route=\/wp\/v2\/types\/page"}],"author":[{"embeddable":true,"href":"https:\/\/uu666app.com\/index.php?rest_route=\/wp\/v2\/users\/1"}],"replies":[{"embeddable":true,"href":"https:\/\/uu666app.com\/index.php?rest_route=%2Fwp%2Fv2%2Fcomments&post=29"}],"version-history":[{"count":2,"href":"https:\/\/uu666app.com\/index.php?rest_route=\/wp\/v2\/pages\/29\/revisions"}],"predecessor-version":[{"id":31,"href":"https:\/\/uu666app.com\/index.php?rest_route=\/wp\/v2\/pages\/29\/revisions\/31"}],"wp:featuredmedia":[{"embeddable":true,"href":"https:\/\/uu666app.com\/index.php?rest_route=\/wp\/v2\/media\/6"}],"wp:attachment":[{"href":"https:\/\/uu666app.com\/index.php?rest_route=%2Fwp%2Fv2%2Fmedia&parent=29"}],"curies":[{"name":"wp","href":"https:\/\/api.w.org\/{rel}","templated":true}]}}